 greatest common factor of 35 and 220.
5
What is the greatest common divisor of 720 and 80?
80
Calculate the greatest common divisor of 338 and 286.
26
What is the highest common factor of 3984 and 48?
48
Calculate the greatest common divisor of 6 and 393.
3
Calculate the highest common factor of 138474 and 9.
9
Calculate the highest common divisor of 6492 and 36.
12
What is the highest common factor of 20 and 208?
4
Calculate the greatest common divisor of 185 and 55.
5
Calculate the greatest common factor of 20440 and 40.
40
Calculate the highest common divisor of 434 and 28.
14
Calculate the greatest common factor of 10 and 70.
10
Calculate the highest common divisor of 415 and 83.
83
What is the highest common divisor of 645 and 15?
15
What is the highest common factor of 80 and 2336?
16
What is the highest common divisor of 85 and 323?
17
What is the greatest common factor of 52 and 143?
13
What is the highest common divisor of 14 and 28?
14
Calculate the highest common divisor of 1428 and 24.
12
What is the greatest common factor of 280 and 12565?
35
What is the highest common divisor of 2060 and 160?
20
What is the greatest common factor of 1 and 243?
1
What is the highest common divisor of 539 and 308?
77
What is the highest common factor of 10 and 6910?
10
Calculate the greatest common factor of 120 and 33240.
120
What is the greatest common divisor of 72 and 252?
36
What is the highest common factor of 35 and 275?
5
Calculate the highest common divisor of 19 and 2147.
19
What is the highest common factor of 17 and 2040?
17
What is the greatest common divisor of 228 and 38?
38
Calculate the highest common divisor of 280 and 105.
35
What is the highest common factor of 1085 and 10?
5
Calculate the greatest common divisor of 392 and 280.
56
Calculate the highest common factor of 48280 and 85.
85
Calculate the highest common divisor of 10 and 3095.
5
What is the highest common divisor of 792 and 2024?
88
Calculate the highest common divisor of 782 and 2576.
46
What is the greatest common factor of 655 and 65?
5
What is the highest common factor of 105 and 120?
15
What is the highest common factor of 9 and 990?
9
Calculate the greatest common divisor of 183 and 1525.
61
Calculate the greatest common divisor of 8448 and 240.
48
What is the highest common factor of 42 and 98?
14
What is the greatest common factor of 4512 and 384?
96
What is the greatest common factor of 7656 and 96?
24
Calculate the greatest common factor of 365 and 15.
5
What is the greatest common divisor of 125 and 75?
25
Calculate the highest common factor of 34 and 2.
2
What is the highest common divisor of 8 and 152?
8
Calculate the greatest common factor of 3768 and 8.
8
Calculate the highest common factor of 3320 and 1826.
166
Calculate the highest common factor of 2613 and 741.
39
What is the greatest common divisor of 512 and 6592?
64
Calculate the greatest common divisor of 750 and 10800.
150
What is the highest common divisor of 54 and 41661?
27
What is the greatest common divisor of 51 and 4403?
17
Calculate the highest common divisor of 300 and 8.
4
What is the greatest common divisor of 26 and 208?
26
Calculate the greatest common factor of 2475 and 375.
75
What is the greatest common factor of 28 and 2058?
14
What is the highest common divisor of 118 and 177?
59
Calculate the highest common divisor of 9 and 13896.
9
What is the greatest common divisor of 3760 and 48?
16
Calculate the greatest common divisor of 3801 and 21.
21
What is the highest common divisor of 364 and 112?
28
What is the highest common divisor of 272 and 238?
34
What is the greatest common factor of 81 and 6480?
81
What is the highest common factor of 57 and 456?
57
What is the greatest common factor of 74284 and 196?
196
Calculate the greatest common divisor of 26 and 16913.
13
What is the highest common divisor of 27 and 1314?
9
What is the highest common divisor of 39 and 637?
13
What is the highest common factor of 323 and 1007?
19
What is the highest common divisor of 80 and 176?
16
Calculate the highest common factor of 1716 and 132.
132
What is the greatest common factor of 672 and 4?
4
What is the greatest common divisor of 16 and 176?
16
Calculate the greatest common factor of 12 and 96.
12
Calculate the highest common factor of 575 and 25.
25
Calculate the highest common divisor of 34 and 850.
34
What is the greatest common factor of 288 and 423?
9
Calculate the greatest common divisor of 16 and 6736.
16
What is the highest common divisor of 44 and 36?
4
Calculate the highest common factor of 7375 and 1375.
125
What is the greatest common divisor of 4172 and 56?
28
What is the greatest common factor of 3431 and 611?
47
What is the highest common divisor of 6214 and 52?
26
What is the highest common divisor of 1984 and 186?
62
What is the highest common divisor of 45 and 585?
45
What is the greatest common divisor of 7 and 3115?
7
Calculate the greatest common divisor of 243 and 9.
9
What is the greatest common factor of 6156 and 1188?
108
Calculate the highest common factor of 88 and 66.
22
Calculate the highest common divisor of 180 and 504.
36
Calculate the highest common factor of 1 and 34.
1
What is the highest common divisor of 533 and 287?
41
Calculate the greatest common divisor of 234 and 252.
18
What is the highest common divisor of 120 and 195?
15
What is the highest common divisor of 108 and 576?
36
What is the greatest common divisor of 297 and 81?
27
Calculate the highest common divisor of 5 and 2940.
5
Calculate the greatest common divisor of 15 and 5235.
15
Calculate the greatest common divisor of 15 and 2985.
15
What is the greatest common factor of 90 and 840?
30
Calculate the highest common factor of 60 and 270.
30
What is the highest common factor of 170 and 272?
34
Calculate the highest common divisor of 459 and 17.
17
What is the highest common divisor of 255 and 30?
15
What is the highest common factor of 145 and 1305?
145
Calculate the greatest common factor of 2 and 178.
2
What is the highest common divisor of 88 and 242?
22
What is the greatest common factor of 2257 and 427?
61
Calculate the greatest common factor of 13 and 2197.
13
What is the greatest common factor of 34 and 323?
17
What is the highest common divisor of 2169 and 9?
9
What is the highest common factor of 2 and 24346?
2
Calculate the greatest common factor of 9 and 4113.
9
What is the greatest common factor of 17192 and 4?
4
What is the greatest common factor of 82 and 2993?
41
What is the highest common divisor of 525 and 140?
35
Calculate the greatest common factor of 771 and 9.
3
What is the highest common divisor of 1224 and 720?
72
What is the highest common divisor of 10778 and 136?
34
What is the greatest common factor of 1 and 29?
1
Calculate the highest common divisor of 30 and 15.
15
Calculate the greatest common divisor of 31 and 1984.
31
Calculate the greatest common divisor of 394 and 18715.
197
Calculate the highest common factor of 12 and 282.
6
Calculate the greatest common factor of 176 and 272.
16
What is the greatest common divisor of 176 and 66?
22
Calculate the greatest common factor of 30 and 390.
30
What is the highest common divisor of 665 and 190?
95
What is the greatest common factor of 806 and 62?
62
What is the highest common divisor of 30 and 85?
5
What is the highest common divisor of 56 and 8?
8
Calculate the greatest common factor of 8 and 2096.
8
What is the highest common factor of 24 and 23720?
8
Calculate the highest common factor of 300 and 2900.
100
What is the highest common divisor of 108 and 3078?
54
What is the greatest common divisor of 70 and 90?
10
What is the greatest common divisor of 365 and 25?
5
What is the highest common factor of 1235 and 65?
65
Calculate the highest common factor of 24 and 1176.
24
Calculate the highest common divisor of 44 and 7612.
44
What is the greatest common divisor of 114 and 38?
38
Calculate the highest common divisor of 4620 and 10.
10
What is the greatest common factor of 156 and 24?
12
What is the greatest common divisor of 182 and 140?
14
What is the greatest common divisor of 7 and 2275?
7
What is the greatest common factor of 82 and 82?
82
Calculate the greatest common factor of 1934 and 4.
2
What is